{"id":8,"date":"2017-11-22T21:46:35","date_gmt":"2017-11-22T21:46:35","guid":{"rendered":"https:\/\/agerekg.at\/?page_id=8"},"modified":"2017-11-22T21:46:35","modified_gmt":"2017-11-22T21:46:35","slug":"unternehmensberatung","status":"publish","type":"page","link":"https:\/\/agerekg.at\/index.php\/unternehmensberatung\/","title":{"rendered":"Unternehmensberatung"},"content":{"rendered":"<div class=\"entry-content\">\n<p>Partnerschaft und eingehen auf die Menschen und deren Potentiale sehen wir als essentielle Bedingung f\u00fcr erfolgreiche Beratung.<\/p>\n<p>Jedes Unternehmen hat eine Kultur, in dessen Rahmen passende L\u00f6sungen einen wichtigen USP schaffen. Gemeinsam mit Ihnen erarbeiten und implementieren wir L\u00f6sungen, welche von allen Beteiligten mitgetragen werden \u2013 nur so ist wirklich excellente Leistung zu erreichen.<\/p>\n<p>Inhaltlich sind wir auf Grund von Erfahrungen in den Bereichen Business Development, Marketing, Sales,\u00a0 Customer Care, Process Management, Projekt Management, Training, Moderation, Mediation und Kommunikation breit aufgestellt. Im Bedarfsfall verf\u00fcgen wir \u00fcber Ressourcen von Kooperationspartnern.<\/p>\n<p>Wenn gew\u00fcnscht, wickeln wir auch Auftr\u00e4ge in Interim Management ab, bzw. als<br \/>\n\u201cbuild-operate-transfer\u201d<\/p>\n<\/div>\n","protected":false},"excerpt":{"rendered":"<p>Partnerschaft und eingehen auf die Menschen und deren Potentiale sehen wir als essentielle Bedingung f\u00fcr erfolgreiche Beratung. Jedes Unternehmen hat eine Kultur, in dessen Rahmen passende L\u00f6sungen einen wichtigen USP schaffen. Gemeinsam mit Ihnen erarbeiten und implementieren wir L\u00f6sungen, welche von allen Beteiligten mitgetragen werden \u2013 nur so ist wirklich excellente Leistung zu erreichen. Inhaltlich [&hellip;]<\/p>\n","protected":false},"author":1,"featured_media":0,"parent":0,"menu_order":0,"comment_status":"closed","ping_status":"closed","template":"","meta":{"footnotes":""},"class_list":["post-8","page","type-page","status-publish","hentry"],"_links":{"self":[{"href":"https:\/\/agerekg.at\/index.php\/wp-json\/wp\/v2\/pages\/8","targetHints":{"allow":["GET"]}}],"collection":[{"href":"https:\/\/agerekg.at\/index.php\/wp-json\/wp\/v2\/pages"}],"about":[{"href":"https:\/\/agerekg.at\/index.php\/wp-json\/wp\/v2\/types\/page"}],"author":[{"embeddable":true,"href":"https:\/\/agerekg.at\/index.php\/wp-json\/wp\/v2\/users\/1"}],"replies":[{"embeddable":true,"href":"https:\/\/agerekg.at\/index.php\/wp-json\/wp\/v2\/comments?post=8"}],"version-history":[{"count":1,"href":"https:\/\/agerekg.at\/index.php\/wp-json\/wp\/v2\/pages\/8\/revisions"}],"predecessor-version":[{"id":9,"href":"https:\/\/agerekg.at\/index.php\/wp-json\/wp\/v2\/pages\/8\/revisions\/9"}],"wp:attachment":[{"href":"https:\/\/agerekg.at\/index.php\/wp-json\/wp\/v2\/media?parent=8"}],"curies":[{"name":"wp","href":"https:\/\/api.w.org\/{rel}","templated":true}]}}